{"id":159,"date":"2014-04-25T17:05:36","date_gmt":"2014-04-25T15:05:36","guid":{"rendered":"http:\/\/baroma.sk\/?page_id=159"},"modified":"2026-01-22T14:14:40","modified_gmt":"2026-01-22T12:14:40","slug":"skolenia-obsluhy-motorovych-vozikov","status":"publish","type":"page","link":"https:\/\/baroma.sk\/?page_id=159","title":{"rendered":"\u0160kolenia obsluhy motorov\u00fdch voz\u00edkov"},"content":{"rendered":"<p>Obsluha motorov\u00e9ho voz\u00edka je osoba, ktor\u00e1 na z\u00e1klade platn\u00e9ho preukazu m\u00f4\u017ee obsluhova\u0165 motorov\u00e9 voz\u00edky iba tej triedy a\u00a0druhy, ktor\u00e9 m\u00e1 vyzna\u010den\u00e9 v preukaze.<\/p>\n<p><strong>Rozdelenie motorov\u00fdch voz\u00edkov pod\u013ea triedy:<\/strong><\/p>\n<h1>\u00b7\u00a0\u00a0\u00a0\u00a0\u00a0\u00a0\u00a0\u00a0 Trieda I. &#8211; elektrick\u00e9 voz\u00edky<\/h1>\n<h1>\u00b7\u00a0\u00a0\u00a0\u00a0\u00a0\u00a0\u00a0\u00a0 Trieda II. &#8211; voz\u00edky so spa\u013eovac\u00edm motorom<\/h1>\n<p><strong>Rozdelenie motorov\u00fdch voz\u00edkov po<\/strong><strong>d\u013ea druhu a sp\u00f4sobu riadenia:<\/strong><br \/>\nA\u00a0 \u00a0\u00a0\u00a0\u00a0 &#8211; plo\u0161inov\u00e9, n\u00edzkozdv\u00edhacie, vle\u010dn\u00e9 a tla\u010dn\u00e9 ru\u010dne veden\u00e9<\/p>\n<p>B\u00a0\u00a0 \u00a0\u00a0\u00a0\u00a0 &#8211; plo\u0161inov\u00e9, n\u00edzkozdv\u00edhacie, vle\u010dn\u00e9 a tla\u010dn\u00e9 s p\u00e1kov\u00fdm riaden\u00edm<\/p>\n<p>C\u00a0\u00a0 \u00a0\u00a0\u00a0\u00a0 &#8211; plo\u0161inov\u00e9, n\u00edzkozdv\u00edhacie, vle\u010dn\u00e9 a tla\u010dn\u00e9 s volantov\u00fdm riaden\u00edm<\/p>\n<p>D\u00a0\u00a0 \u00a0\u00a0\u00a0\u00a0 &#8211; vysokozdv\u00edhacie ru\u010dne veden\u00e9<\/p>\n<p>E\u00a0\u00a0 \u00a0\u00a0\u00a0\u00a0 &#8211; vysokozdv\u00edhacie s p\u00e1kov\u00fdm riaden\u00edm<\/p>\n<p>W1 \u00a0\u00a0\u00a0\u00a0 &#8211; vysokozdv\u00edhacie s volantov\u00fdm riaden\u00edm do 5 t nosnosti<\/p>\n<p>W2 \u00a0\u00a0\u00a0\u00a0 &#8211; vysokozdv\u00edhacie s volantov\u00fdm riaden\u00edm\u00a0nad 5 t nosnosti<\/p>\n<p>G\u00a0\u00a0\u00a0\u00a0 \u00a0\u00a0\u00a0 &#8211; vysokozdv\u00edhacie ovladane zo zdv\u00edhacej plo\u0161iny<\/p>\n<p>Z\u00a0\u00a0\u00a0\u00a0\u00a0\u00a0\u00a0\u00a0 &#8211; \u0161peci\u00e1lne voz\u00edky<\/p>\n<p><strong>\u00a0Zabezpe\u010dujeme:<\/strong><\/p>\n<ul>\n<li>z\u00e1kladn\u00e9 a roz\u0161irovacie \u0161kolenia\u00a0&#8211; z\u00edskanie nov\u00e9ho, resp. roz\u0161\u00edren\u00e9ho\u00a0 preukazu pre v\u0161etky triedy a\u00a0druhy motorov\u00fdch voz\u00edkov<\/li>\n<li>opakovan\u00e9 oboznamovanie &#8211; v pravideln\u00fdch intervaloch predl\u017eovanie platnosti\u00a0 preukazov (minim\u00e1lne 1 x za 3 roky)<\/li>\n<li>aktualiza\u010dn\u00e9 odborn\u00e9 pr\u00edpravy\u00a0&#8211; 1 x za 5 rokov<\/li>\n<li>vystavenie preukazu, eviden\u010dn\u00e9ho listu obsluhy motorov\u00fdch voz\u00edkov a duplik\u00e1tu preukazu v\u00a0pr\u00edpade potreby<\/li>\n<li>\u0161kolenie zodpovednej osoby \/u\u017e\u00edvate\u013ea\/ motorov\u00fdch voz\u00edkov<\/li>\n<li>poradenstvo v\u00a0oblasti motorov\u00fdch voz\u00edkov<\/li>\n<\/ul>\n","protected":false},"excerpt":{"rendered":"<p>Obsluha motorov\u00e9ho voz\u00edka je osoba, ktor\u00e1 na z\u00e1klade platn\u00e9ho preukazu m\u00f4\u017ee obsluhova\u0165 motorov\u00e9 voz\u00edky iba tej triedy a\u00a0druhy, ktor\u00e9 m\u00e1 vyzna\u010den\u00e9 v preukaze. Rozdelenie motorov\u00fdch voz\u00edkov pod\u013ea triedy: \u00b7\u00a0\u00a0\u00a0\u00a0\u00a0\u00a0\u00a0\u00a0 Trieda I. &#8211; elektrick\u00e9 voz\u00edky \u00b7\u00a0\u00a0\u00a0\u00a0\u00a0\u00a0\u00a0\u00a0 Trieda II. &#8211; voz\u00edky so spa\u013eovac\u00edm motorom Rozdelenie motorov\u00fdch voz\u00edkov pod\u013ea druhu a sp\u00f4sobu riadenia: A\u00a0 \u00a0\u00a0\u00a0\u00a0 &#8211; plo\u0161inov\u00e9, n\u00edzkozdv\u00edhacie, &hellip; <\/p>\n<p><a class=\"more-link btn\" href=\"https:\/\/baroma.sk\/?page_id=159\">Chcem vedie\u0165 viac<\/a><\/p>\n","protected":false},"author":2,"featured_media":0,"parent":0,"menu_order":0,"comment_status":"open","ping_status":"closed","template":"","meta":{"footnotes":""},"class_list":["post-159","page","type-page","status-publish","hentry","nodate","item-wrap"],"_links":{"self":[{"href":"https:\/\/baroma.sk\/index.php?rest_route=\/wp\/v2\/pages\/159","targetHints":{"allow":["GET"]}}],"collection":[{"href":"https:\/\/baroma.sk\/index.php?rest_route=\/wp\/v2\/pages"}],"about":[{"href":"https:\/\/baroma.sk\/index.php?rest_route=\/wp\/v2\/types\/page"}],"author":[{"embeddable":true,"href":"https:\/\/baroma.sk\/index.php?rest_route=\/wp\/v2\/users\/2"}],"replies":[{"embeddable":true,"href":"https:\/\/baroma.sk\/index.php?rest_route=%2Fwp%2Fv2%2Fcomments&post=159"}],"version-history":[{"count":22,"href":"https:\/\/baroma.sk\/index.php?rest_route=\/wp\/v2\/pages\/159\/revisions"}],"predecessor-version":[{"id":304,"href":"https:\/\/baroma.sk\/index.php?rest_route=\/wp\/v2\/pages\/159\/revisions\/304"}],"wp:attachment":[{"href":"https:\/\/baroma.sk\/index.php?rest_route=%2Fwp%2Fv2%2Fmedia&parent=159"}],"curies":[{"name":"wp","href":"https:\/\/api.w.org\/{rel}","templated":true}]}}