{"id":22,"date":"2014-01-19T00:16:30","date_gmt":"2014-01-18T22:16:30","guid":{"rendered":"http:\/\/baroma.sk\/?page_id=22"},"modified":"2014-01-23T20:44:54","modified_gmt":"2014-01-23T18:44:54","slug":"ceny","status":"publish","type":"page","link":"https:\/\/baroma.sk\/?page_id=22","title":{"rendered":"Ceny"},"content":{"rendered":"<ul>\n<li><a href=\"https:\/\/baroma.sk\/wp-content\/uploads\/2014\/01\/Cenn\u00edk-\u0161kolen\u00ed.pdf\">\u0161kolenia<\/a><\/li>\n<li><a href=\"https:\/\/baroma.sk\/wp-content\/uploads\/2014\/01\/Cenn\u00edk-rev\u00edzii.pdf\">rev\u00edzie<\/a><\/li>\n<\/ul>\n","protected":false},"excerpt":{"rendered":"<p>\u0161kolenia rev\u00edzie<\/p>\n","protected":false},"author":2,"featured_media":0,"parent":0,"menu_order":0,"comment_status":"open","ping_status":"closed","template":"","meta":{"footnotes":""},"class_list":["post-22","page","type-page","status-publish","hentry","nodate","item-wrap"],"_links":{"self":[{"href":"https:\/\/baroma.sk\/index.php?rest_route=\/wp\/v2\/pages\/22","targetHints":{"allow":["GET"]}}],"collection":[{"href":"https:\/\/baroma.sk\/index.php?rest_route=\/wp\/v2\/pages"}],"about":[{"href":"https:\/\/baroma.sk\/index.php?rest_route=\/wp\/v2\/types\/page"}],"author":[{"embeddable":true,"href":"https:\/\/baroma.sk\/index.php?rest_route=\/wp\/v2\/users\/2"}],"replies":[{"embeddable":true,"href":"https:\/\/baroma.sk\/index.php?rest_route=%2Fwp%2Fv2%2Fcomments&post=22"}],"version-history":[{"count":5,"href":"https:\/\/baroma.sk\/index.php?rest_route=\/wp\/v2\/pages\/22\/revisions"}],"predecessor-version":[{"id":144,"href":"https:\/\/baroma.sk\/index.php?rest_route=\/wp\/v2\/pages\/22\/revisions\/144"}],"wp:attachment":[{"href":"https:\/\/baroma.sk\/index.php?rest_route=%2Fwp%2Fv2%2Fmedia&parent=22"}],"curies":[{"name":"wp","href":"https:\/\/api.w.org\/{rel}","templated":true}]}}