{"id":37,"date":"2014-01-19T00:41:25","date_gmt":"2014-01-18T22:41:25","guid":{"rendered":"http:\/\/baroma.sk\/?page_id=37"},"modified":"2026-01-22T15:10:19","modified_gmt":"2026-01-22T13:10:19","slug":"skolenie-obsluhovatelov-zdvihacich-zariadeni","status":"publish","type":"page","link":"https:\/\/baroma.sk\/?page_id=37","title":{"rendered":"\u0160kolenie  obsluhovate\u013eov zdv\u00edhac\u00edch zariaden\u00ed"},"content":{"rendered":"<p>Obsluhovate\u013e zdv\u00edhac\u00edch zariaden\u00ed je osoba, ktor\u00e1 na z\u00e1klade platn\u00e9ho preukazu m\u00f4\u017ee obsluhova\u0165 zdv\u00edhacie zariadenia iba toho druhu, ktor\u00e9 m\u00e1 vyzna\u010den\u00e9 v preukaze.<\/p>\n<p>Vyhl\u00e1\u0161ka \u010d. 508\/2009 Z.z. upravuje bezpe\u010dnos\u0165 technick\u00fdch zariaden\u00ed. V paragrafe 17 ur\u010duje povinnos\u0165 zabezpe\u010di\u0165 odborn\u00fa sp\u00f4sobilos\u0165 os\u00f4b, ktor\u00e9 obsluhuj\u00fa uveden\u00e9 vyhraden\u00e9 zdv\u00edhacie zariadenia.<\/p>\n<p><b><span style=\"text-decoration: underline;\">\u0160kolenia rob\u00edme pre tieto zdv\u00edhacie zariadenia:<\/span><\/b><\/p>\n<p><b><span style=\"text-decoration: underline;\">\u00a0<\/span><\/b><\/p>\n<ul>\n<li><b>skupiny A:<\/b><\/li>\n<\/ul>\n<p style=\"padding-left: 30px;\"><b><i>a)\u00a0\u00a0\u00a0\u00a0\u00a0 <\/i><\/b><b><i>\u017eeriav a zdv\u00edhadlo s motorov\u00fdm pohonom, napr\u00edklad s elektrick\u00fdm, hydraulick\u00fdm s nosnos\u0165ou nad 1 000 kg a\u00a0\u017eeriav a zdv\u00edhadlo s \u013eudsk\u00fdm pohonom nad 5 000 kg <\/i><\/b><\/p>\n<p style=\"padding-left: 30px;\"><b><i>b)\u00a0\u00a0\u00a0\u00a0\u00a0 <\/i><\/b><b><i>pohybliv\u00e1 pracovn\u00e1 plo\u0161ina s motorov\u00fdm pohonom a s v\u00fd\u0161kou zdvihu nad 1,5 m<\/i><\/b><\/p>\n<p style=\"padding-left: 30px;\"><b><i>c)\u00a0\u00a0\u00a0\u00a0\u00a0 <\/i><\/b><b><i>stavebn\u00fd v\u00fd\u0165ah<\/i><\/b><\/p>\n<p style=\"padding-left: 90px;\"><b><i><\/i><\/b><b><i>1.\u00a0\u00a0\u00a0\u00a0\u00a0 <\/i><\/b><b><i>na prepravu os\u00f4b a n\u00e1kladu<\/i><\/b><\/p>\n<p style=\"padding-left: 90px;\"><b><i><\/i><\/b><b><i>2.\u00a0\u00a0\u00a0\u00a0\u00a0 <\/i><\/b><b><i>\u00a0n\u00e1kladn\u00fd s pr\u00edstupom os\u00f4b na nosn\u00fa plo\u0161inu<\/i><\/b><\/p>\n<p style=\"padding-left: 30px;\"><b><i>d)\u00a0\u00a0\u00a0\u00a0\u00a0 <\/i><\/b><b><i>reg\u00e1lov\u00fd zaklada\u010d so stanovi\u0161\u0165om obsluhy na zaklada\u010di a jeho presuv\u0148a<\/i><\/b><\/p>\n<p style=\"padding-left: 30px;\"><b><i>e)\u00a0\u00a0\u00a0\u00a0\u00a0 <\/i><\/b><b><i>v\u00fdsuvn\u00fd rebr\u00edk s motorov\u00fdm pohonom<\/i><\/b><\/p>\n<p><b>\u00a0<\/b><\/p>\n<ul>\n<li><b>skupiny B:<\/b><\/li>\n<\/ul>\n<p style=\"padding-left: 30px;\"><b><i>a)\u00a0\u00a0\u00a0\u00a0\u00a0 <\/i><\/b><b><i>zariadenie, ktor\u00fdm je<\/i><\/b><\/p>\n<p style=\"padding-left: 90px;\"><b><i><\/i><\/b><b><i>1.\u00a0\u00a0\u00a0\u00a0\u00a0\u00a0\u00a0 <\/i><\/b><b><i>\u017eeriav a zdv\u00edhadlo s motorov\u00fdm pohonom s nosnos\u0165ou do 1 000 kg vr\u00e1tane a s \u013eudsk\u00fdm pohonom s\u00a0nosnos\u0165ou od 1 000 kg do 5 000 kg vr\u00e1tane<\/i><\/b><\/p>\n<p style=\"padding-left: 90px;\"><b><i><\/i><\/b><b><i>2.\u00a0\u00a0\u00a0\u00a0\u00a0\u00a0\u00a0 <\/i><\/b><b><i>vr\u00e1tok s motorov\u00fdm pohonom ur\u010den\u00fd na zdv\u00edhanie bremien<\/i><\/b><\/p>\n<p style=\"padding-left: 30px;\"><b><i>b)\u00a0\u00a0\u00a0\u00a0\u00a0 <\/i><\/b><b><i>zdv\u00edhacie \u00fastrojenstvo dopravn\u00e9ho voz\u00edka a naklada\u010da s motorov\u00fdm pohonom ur\u010den\u00e9 na zdv\u00edhanie a\u00a0prepravu bremena pomocou prostriedku na viazanie, zavesenie alebo uchopenie<\/i><\/b><\/p>\n<p style=\"padding-left: 30px;\"><b><i>c)\u00a0\u00a0\u00a0\u00a0\u00a0 <\/i><\/b><b><i>pr\u00eddavn\u00e9 zdv\u00edhacie pr\u00edslu\u0161enstvo na zavesenie alebo uchopenie bremena, ktor\u00e9 nie je trvalou s\u00fa\u010das\u0165ou technick\u00e9ho zariadenia zdv\u00edhacieho skupiny A a skupiny B, a\u00a0to:<\/i><\/b><\/p>\n<p style=\"padding-left: 90px;\"><b><i><\/i><\/b><b><i>1.\u00a0\u00a0\u00a0\u00a0\u00a0 <\/i><\/b><b><i>zdv\u00edhacie \u00fastrojenstvo na manipul\u00e1ciu s kontajnerom ISO<\/i><\/b><\/p>\n<p style=\"padding-left: 90px;\"><b><i><\/i><\/b><b><i>2.\u00a0\u00a0\u00a0\u00a0\u00a0 <\/i><\/b><b><i>zariadenie na zavesenie alebo uchopenie bremena, napr\u00edklad magnet, traverza, pr\u00edsavkov\u00e9 zariadenie, klie\u0161te, drap\u00e1k, okrem prostriedkov uveden\u00fdch v skupine C p\u00edsm. a)<\/i><\/b><\/p>\n<p style=\"padding-left: 30px;\"><b><i>d)\u00a0\u00a0\u00a0\u00a0\u00a0 <\/i><\/b><b><i>\u0161peci\u00e1lne zdv\u00edhacie zariadenie s motorov\u00fdm pohonom ur\u010den\u00e9 na zdv\u00edhanie bremena, a\u00a0to:<\/i><\/b><\/p>\n<p style=\"padding-left: 90px;\"><b><i><\/i><\/b><b><i>1.\u00a0\u00a0\u00a0\u00a0\u00a0 <\/i><\/b><b><i>zdv\u00edhacia rampa<\/i><\/b><\/p>\n<p style=\"padding-left: 90px;\"><b><i><\/i><\/b><b><i>2.\u00a0\u00a0\u00a0\u00a0\u00a0 <\/i><\/b><b><i>zdv\u00edhacia plo\u0161ina<\/i><\/b><\/p>\n<p style=\"padding-left: 90px;\"><b><i><\/i><\/b><b><i>3.\u00a0\u00a0\u00a0\u00a0\u00a0 <\/i><\/b><b><i>stabiln\u00e9, mobiln\u00e9 a premiestnite\u013en\u00e9 servisn\u00e9 zdv\u00edhacie zariadenie, ktor\u00e9 je ur\u010den\u00e9 len na zdv\u00edhanie vozidla<\/i><\/b><\/p>\n<p style=\"padding-left: 90px;\"><b><i><\/i><\/b><b><i>4.\u00a0\u00a0\u00a0\u00a0\u00a0 <\/i><\/b><b><i>zdv\u00edhacie \u010delo ur\u010den\u00e9 na mont\u00e1\u017e na vozidlo alebo do vozidla, ktor\u00e9 je ur\u010den\u00e9 na nakladanie alebo vykladanie n\u00e1kladu<\/i><\/b><\/p>\n<p style=\"padding-left: 30px;\"><b><i>e)\u00a0\u00a0\u00a0\u00a0\u00a0 <\/i><\/b><b><i>zvisl\u00e1 posuvn\u00e1 br\u00e1na s motorov\u00fdm pohonom s v\u00fd\u0161kou zdvihu nad 2,7 m<\/i><\/b><\/p>\n<p style=\"padding-left: 30px;\"><b><i>f)\u00a0\u00a0\u00a0\u00a0\u00a0\u00a0 <\/i><\/b><b><i>n\u00e1kladn\u00fd stavebn\u00fd v\u00fd\u0165ah bez pr\u00edstupu os\u00f4b na nosn\u00fa plo\u0161inu<\/i><\/b><\/p>\n<p style=\"padding-left: 30px;\"><b><i>g)\u00a0\u00a0\u00a0\u00a0\u00a0 <\/i><\/b><b><i>reg\u00e1lov\u00fd zaklada\u010d bez stanovi\u0161\u0165a obsluhy na zaklada\u010di a jeho presuv\u0148a okrem zariadenia, ktor\u00e9 je s\u00fa\u010das\u0165ou automatizovan\u00fdch syst\u00e9mov na manipul\u00e1ciu a<\/i><\/b> <b><i>skladovanie<\/i><\/b><b><i><\/i><\/b><\/p>\n<p style=\"padding-left: 30px;\"><b><i>i)\u00a0\u00a0\u00a0\u00a0\u00a0\u00a0\u00a0 <\/i><\/b><b><i>schodiskov\u00fd v\u00fd\u0165ah a zvisl\u00e1 zdv\u00edhacia plo\u0161ina ur\u010den\u00e9 na pou\u017e\u00edvanie osobou s obmedzenou schopnos\u0165ou pohybu<\/i><\/b><\/p>\n<p>&nbsp;<\/p>\n<p><b>\u00a0Zabezpe\u010dujeme:<\/b><\/p>\n<ul>\n<li>z\u00e1kladn\u00e9 a roz\u0161irovacie \u0161kolenia\u00a0&#8211; z\u00edskanie nov\u00e9ho, resp. roz\u0161\u00edren\u00e9ho\u00a0 preukazu pre v\u0161etky uveden\u00e9 druhy<\/li>\n<li>opakovan\u00e9 \u0161kolenia &#8211; v pravideln\u00fdch intervaloch predl\u017eovanie platnosti\u00a0 preukazov (minim\u00e1lne 1x za 1 rok, resp. minim\u00e1lne 1x za 3 roky pod\u013ea n\u00e1ro\u010dnosti zdv\u00edh. zariad. )<\/li>\n<li>vystavenie preukazu a duplik\u00e1tu preukazu v\u00a0pr\u00edpade potreby<\/li>\n<li>zavedenie denn\u00edka zdv\u00edhac\u00edch zariaden\u00ed<\/li>\n<li>\u0161kolenie prev\u00e1dzkov\u00e9ho technika a\u00a0u\u017e\u00edvate\u013ea zdv\u00edhac\u00edch zariaden\u00ed<\/li>\n<li>poradenstvo v\u00a0oblasti zdv\u00edhac\u00edch zariaden\u00ed<\/li>\n<\/ul>\n<p>&nbsp;<\/p>\n<p><b><i>\u00a0<\/i><\/b><\/p>\n<p><b>\u00a0<\/b><\/p>\n","protected":false},"excerpt":{"rendered":"<p>Obsluhovate\u013e zdv\u00edhac\u00edch zariaden\u00ed je osoba, ktor\u00e1 na z\u00e1klade platn\u00e9ho preukazu m\u00f4\u017ee obsluhova\u0165 zdv\u00edhacie zariadenia iba toho druhu, ktor\u00e9 m\u00e1 vyzna\u010den\u00e9 v preukaze. Vyhl\u00e1\u0161ka \u010d. 508\/2009 Z.z. upravuje bezpe\u010dnos\u0165 technick\u00fdch zariaden\u00ed. V paragrafe 17 ur\u010duje povinnos\u0165 zabezpe\u010di\u0165 odborn\u00fa sp\u00f4sobilos\u0165 os\u00f4b, ktor\u00e9 obsluhuj\u00fa uveden\u00e9 vyhraden\u00e9 zdv\u00edhacie zariadenia. \u0160kolenia rob\u00edme pre tieto zdv\u00edhacie zariadenia: \u00a0 skupiny A: a)\u00a0\u00a0\u00a0\u00a0\u00a0 &hellip; <\/p>\n<p><a class=\"more-link btn\" href=\"https:\/\/baroma.sk\/?page_id=37\">Chcem vedie\u0165 viac<\/a><\/p>\n","protected":false},"author":2,"featured_media":0,"parent":0,"menu_order":0,"comment_status":"open","ping_status":"closed","template":"","meta":{"footnotes":""},"class_list":["post-37","page","type-page","status-publish","hentry","nodate","item-wrap"],"_links":{"self":[{"href":"https:\/\/baroma.sk\/index.php?rest_route=\/wp\/v2\/pages\/37","targetHints":{"allow":["GET"]}}],"collection":[{"href":"https:\/\/baroma.sk\/index.php?rest_route=\/wp\/v2\/pages"}],"about":[{"href":"https:\/\/baroma.sk\/index.php?rest_route=\/wp\/v2\/types\/page"}],"author":[{"embeddable":true,"href":"https:\/\/baroma.sk\/index.php?rest_route=\/wp\/v2\/users\/2"}],"replies":[{"embeddable":true,"href":"https:\/\/baroma.sk\/index.php?rest_route=%2Fwp%2Fv2%2Fcomments&post=37"}],"version-history":[{"count":6,"href":"https:\/\/baroma.sk\/index.php?rest_route=\/wp\/v2\/pages\/37\/revisions"}],"predecessor-version":[{"id":318,"href":"https:\/\/baroma.sk\/index.php?rest_route=\/wp\/v2\/pages\/37\/revisions\/318"}],"wp:attachment":[{"href":"https:\/\/baroma.sk\/index.php?rest_route=%2Fwp%2Fv2%2Fmedia&parent=37"}],"curies":[{"name":"wp","href":"https:\/\/api.w.org\/{rel}","templated":true}]}}