{"id":52,"date":"2014-01-19T01:00:05","date_gmt":"2014-01-18T23:00:05","guid":{"rendered":"http:\/\/baroma.sk\/?page_id=52"},"modified":"2014-01-19T01:12:59","modified_gmt":"2014-01-18T23:12:59","slug":"skolenie-lesenarov-osob-na-montaz-a-demontaz-lesenia","status":"publish","type":"page","link":"https:\/\/baroma.sk\/?page_id=52","title":{"rendered":"\u0160kolenie le\u0161en\u00e1rov &#8211; os\u00f4b na mont\u00e1\u017e a demont\u00e1\u017e le\u0161enia"},"content":{"rendered":"<p>Le\u0161en\u00e1r je osoba, ktor\u00e1 na z\u00e1klade platn\u00e9ho preukazu m\u00f4\u017ee montova\u0165 a\u00a0demontova\u0165 le\u0161enia iba toho druhu, ktor\u00fd m\u00e1 vyzna\u010den\u00fd v preukaze.<\/p>\n<p><b>Druhy le\u0161enia:<\/b><\/p>\n<ol start=\"1\">\n<li>r\u00farkov\u00e9<\/li>\n<li>podpern\u00e9<\/li>\n<li>pojazdn\u00e9 pracovn\u00e9 a\u00a0vo\u013ene stojace<\/li>\n<li>dreven\u00e9 le\u0161enia<\/li>\n<li>stavebn\u00e9 plo\u0161inov\u00e9<\/li>\n<li>dielcov\u00e9 le\u0161enia<\/li>\n<\/ol>\n<p><b>\u00a0\u00a0\u00a0<\/b><\/p>\n<p><b>\u00a0Zabezpe\u010dujeme:<\/b><\/p>\n<ul>\n<li>z\u00e1kladn\u00e9 a roz\u0161irovacie \u0161kolenia\u00a0&#8211; z\u00edskanie nov\u00e9ho, resp. roz\u0161\u00edren\u00e9ho\u00a0 preukazu pre le\u0161en\u00e1ra na v\u0161etky druhy le\u0161enia<\/li>\n<li>opakovan\u00e9 \u0161kolenia\u00a0&#8211; v pravideln\u00fdch intervaloch predl\u017eovanie platnosti\u00a0 preukazov 1x za 12 mesiacov<\/li>\n<li>aktualiza\u010dn\u00fa odborn\u00fa pr\u00edpravu\u00a0&#8211; 1x za 5 rokov<\/li>\n<li>vystavenie preukazu a duplik\u00e1tu preukazu v\u00a0pr\u00edpade potreby<\/li>\n<\/ul>\n","protected":false},"excerpt":{"rendered":"<p>Le\u0161en\u00e1r je osoba, ktor\u00e1 na z\u00e1klade platn\u00e9ho preukazu m\u00f4\u017ee montova\u0165 a\u00a0demontova\u0165 le\u0161enia iba toho druhu, ktor\u00fd m\u00e1 vyzna\u010den\u00fd v preukaze. Druhy le\u0161enia: r\u00farkov\u00e9 podpern\u00e9 pojazdn\u00e9 pracovn\u00e9 a\u00a0vo\u013ene stojace dreven\u00e9 le\u0161enia stavebn\u00e9 plo\u0161inov\u00e9 dielcov\u00e9 le\u0161enia \u00a0\u00a0\u00a0 \u00a0Zabezpe\u010dujeme: z\u00e1kladn\u00e9 a roz\u0161irovacie \u0161kolenia\u00a0&#8211; z\u00edskanie nov\u00e9ho, resp. roz\u0161\u00edren\u00e9ho\u00a0 preukazu pre le\u0161en\u00e1ra na v\u0161etky druhy le\u0161enia opakovan\u00e9 \u0161kolenia\u00a0&#8211; v pravideln\u00fdch &hellip; <\/p>\n<p><a class=\"more-link btn\" href=\"https:\/\/baroma.sk\/?page_id=52\">Chcem vedie\u0165 viac<\/a><\/p>\n","protected":false},"author":2,"featured_media":0,"parent":0,"menu_order":0,"comment_status":"open","ping_status":"closed","template":"","meta":{"footnotes":""},"class_list":["post-52","page","type-page","status-publish","hentry","nodate","item-wrap"],"_links":{"self":[{"href":"https:\/\/baroma.sk\/index.php?rest_route=\/wp\/v2\/pages\/52","targetHints":{"allow":["GET"]}}],"collection":[{"href":"https:\/\/baroma.sk\/index.php?rest_route=\/wp\/v2\/pages"}],"about":[{"href":"https:\/\/baroma.sk\/index.php?rest_route=\/wp\/v2\/types\/page"}],"author":[{"embeddable":true,"href":"https:\/\/baroma.sk\/index.php?rest_route=\/wp\/v2\/users\/2"}],"replies":[{"embeddable":true,"href":"https:\/\/baroma.sk\/index.php?rest_route=%2Fwp%2Fv2%2Fcomments&post=52"}],"version-history":[{"count":3,"href":"https:\/\/baroma.sk\/index.php?rest_route=\/wp\/v2\/pages\/52\/revisions"}],"predecessor-version":[{"id":68,"href":"https:\/\/baroma.sk\/index.php?rest_route=\/wp\/v2\/pages\/52\/revisions\/68"}],"wp:attachment":[{"href":"https:\/\/baroma.sk\/index.php?rest_route=%2Fwp%2Fv2%2Fmedia&parent=52"}],"curies":[{"name":"wp","href":"https:\/\/api.w.org\/{rel}","templated":true}]}}